
Suppose -4*u + 170 + 194 = 0. Let b(g) = -g**3 - 16*g**2 + 39*g + 60. Let m be b(-18). Suppose u = m*l + l. Calculate the greatest common divisor of 91 and l.
13
Let u be (7 + 89/(-3))/((-14)/1491). Calculate the greatest common factor of u and 710.
142
Suppose 28 = -6*h + 76. Calculate the highest common divisor of h and 10.
2
Let w = -743 - -2318. Let o = -6242 + 6305. What is the greatest common divisor of w and o?
63
Suppose -39*i + 37*i + 884 = l, 2*l = 4*i - 1784. What is the highest common factor of i and 564?
12
Suppose 4*o - 72 = -5*f, 2*o + 18 = -2*f + 4*f. What is the highest common divisor of f and 148?
4
Suppose 1235 = -5*u + 170. Let i = -207 - u. What is the greatest common divisor of 102 and i?
6
Let d be (660/(-40) + 12)*(-1 + 335/(-3)). What is the highest common factor of 156 and d?
39
Let i = -1305 - -1377. What is the highest common factor of 1200 and i?
24
Suppose 404 = -22*h + 24*h + 2*l, -l = -6. Calculate the greatest common factor of h and 49.
49
Let u be 2/6 + 50/3. Suppose -4*n = 4*b - 869 + 1, 864 = 4*b + 5*n. What is the greatest common factor of u and b?
17
Let n(w) = 5*w - 2. Suppose -d + 137 = -5*t, -4*d + 2 = 14. Let z = t + 41. Let k be n(z). Calculate the highest common factor of k and 9.
9
Let l be (35/5 - 137)/(-1). Suppose 0 = 22*y - l - 332. What is the highest common factor of 33 and y?
3
Let j = -25327 - -25484. Calculate the greatest common divisor of j and 5809.
157
Let w = 20774 + -19109. What is the greatest common factor of 2960 and w?
185
Let a(n) = -21*n**2 - 1105*n - 106. Let m be a(-51). Calculate the highest common divisor of 2368 and m.
148
Let n = 294 - 173. Let u(y) = 8 - 18*y + 35 - y**2 + 8. Let w be u(-20). What is the greatest common factor of w and n?
11
Suppose 3*m - 93 = -2*j - 2*m, 3*j - 122 = -4*m. Suppose 24*u - 11*u = -26. Let s be 51/((-1)/2*3 - u). What is the greatest common divisor of s and j?
34
Let y(b) = 66*b**2 - 34*b + 8. Let w be y(-4). Calculate the greatest common factor of w and 450.
150
Suppose -5*d + 752 = v, 0 = d - 0*d + 5*v - 160. Let n(c) = 7*c**2 + 202*c + 816. Let f be n(-4). Calculate the greatest common divisor of d and f.
30
Let d(o) = -o**2 + 12*o - 22. Let r be -1 - (8/(-8) + -2*2). Let f be d(r). Suppose -5*z + 223 = -577. What is the highest common divisor of f and z?
10
Let a be 3 - (-6 - (0 - 5)). Suppose -278 = -a*d + 286. Suppose -15*s + 84 = -d. Calculate the highest common divisor of 3 and s.
3
Let z(o) = 3*o + 4. Let d be z(0). Suppose -15 = -3*x - d*k, -3*x = -6*x + k. Calculate the greatest common divisor of 11 and x.
1
Let y be 2*(63 + (6 - 0)). Let p = -1093 - -1162. What is the greatest common factor of y and p?
69
Let m = 12291 + -11829. Calculate the highest common factor of 825 and m.
33
Suppose 99133 - 19955 = 15*m + 7*m. What is the greatest common divisor of m and 59?
59
Suppose v - 2*v - 23*v = -5064. What is the greatest common factor of 6752 and v?
211
Let h(o) = 2*o**2 - o + 2. Let u be h(2). Suppose 4*i + m + 29 - 266 = 0, -2*i + 121 = m. Let n = i + -46. What is the highest common factor of u and n?
4
Suppose -185*n + 87*n = -107*n + 45. Calculate the greatest common divisor of 1735 and n.
5
Suppose 0 = -191*v + 39354 + 218878. Calculate the highest common factor of v and 624.
104
Suppose 86 = -69*u + 70*u. Calculate the greatest common factor of 4 and u.
2
Let k be 3949/55 - 18/(-15). Calculate the highest common divisor of 10001 and k.
73
Let o be ((4/(-8))/((-5)/(-290)))/(-1). Suppose -35*n = -36*n + o. What is the highest common factor of 261 and n?
29
Suppose -2111 - 8289 = -65*g. What is the greatest common divisor of 5 and g?
5
Let a(j) = 132*j - 344. Let r be a(3). Let n(m) = -22*m - 5. Suppose -3*y + 11 = 17. Let k be n(y). Calculate the greatest common divisor of k and r.
13
Suppose -3*t = 50 - 71. Let w be (4/8)/(-2 - 90/(-44)). Let m be 97/w + -2 - (-14)/77. Calculate the greatest common factor of m and t.
7
Suppose 0 = -z - 8 + 9. Let j be 56 + z/(4 - 5). What is the greatest common divisor of 77 and j?
11
Let w = 2401 + -1530. Calculate the greatest common factor of 201 and w.
67
Suppose -2*x + 5*c = -28, 8 = 3*x + 5*c - 34. Calculate the highest common divisor of x and 52066.
14
Let x be 3 - (3*20/(-12) - -2). Let u be (9/(-6))/(1 + (-9)/x). Let f be -5*(-4)/20*u. What is the greatest common divisor of 2 and f?
1
Suppose 3*l = -101 + 92, -2*v - 2*l = -218. What is the greatest common divisor of 336 and v?
112
Suppose 28 = l - 35. Let x(j) = 20*j**2 - 6*j + 4. Let y be x(1). Calculate the greatest common divisor of y and l.
9
Let p = -6725 + 8053. What is the highest common divisor of p and 16?
16
Suppose 0 = -9*c + 53 + 55. Let j = 0 + c. Suppose -j*a + 59 = -37. Calculate the greatest common divisor of 72 and a.
8
Let z be (-17 - -1)/(-4) + 2. Suppose 0 = 2*v + z*v - 128. Let f be 1881/88 + (-6)/v. Calculate the highest common factor of 189 and f.
21
Suppose -3*f = -13*f - 6*f + 31232. What is the greatest common divisor of f and 122?
122
Suppose 5*a - 125 = -4*x + 3*x, 5*x + 3*a - 669 = 0. Suppose 282*o - 5*o - 1435 = -10*o. Calculate the greatest common factor of o and x.
5
Let l(b) = 6*b - 6. Let p be l(4). Let s(u) = -7*u + 5. Let t be s(-6). Suppose -t = -2*y + 7. What is the greatest common divisor of y and p?
9
Let h = 36 + -26. Suppose -h*q + 8 = -8*q. Suppose 2*s = -3*j + 20 + 70, -188 = -q*s - 2*j. Calculate the highest common factor of s and 8.
8
Suppose 0*s = -s + 160. Suppose 14*q + 234 = -16*q + 2154. What is the greatest common divisor of q and s?
32
Let o = 3147 - 3062. What is the highest common factor of 125 and o?
5
Let y be (-36)/(-21)*(-2 - (-77)/14). What is the highest common divisor of 240 and y?
6
Let i be 4302/9321 - (-618)/13. What is the highest common divisor of i and 7536?
48
Let o = 12780 - 12150. What is the highest common factor of 224 and o?
14
Suppose -3*n = 4*n - 483. Suppose -6*r + 21 = -n. Let o = 52 - r. Calculate the highest common divisor of o and 185.
37
Let p be (-17)/(-4) + (11/4 - 3). Suppose 0 = -p*c - 0*c + 12, -3*c = -3*s + 105. Calculate the highest common divisor of 1 and s.
1
Suppose 0 = -4*v - d + 966, -277 = -2*v - d + 207. Suppose 8*c = -89 + v. Suppose 0 = -2*t + c + 253. Calculate the greatest common divisor of 17 and t.
17
Let b be 42/4*(-10)/(-3). Let i = b - -127. Calculate the highest common factor of 18 and i.
18
Let z be -22 - (-9 - (6 + 1182)). Calculate the greatest common divisor of z and 3760.
235
Let m(w) = -63*w + 3332. Let o be m(51). Calculate the highest common divisor of 629 and o.
17
Suppose 0 = 2*v - 5*d - 29, 2*d - 18 = -2*v - 24. Suppose -2*r = 8, 5*y - 9*y = -v*r - 164. Calculate the highest common factor of y and 6.
3
Suppose 0 = 2*k - 2, -12*k - 755 = -2*r - 7*k. Calculate the greatest common divisor of 152 and r.
76
Let l(h) = -6*h + 118. Let m be l(18). Let c be 161 + (-1 - (1 + -1)). Calculate the highest common divisor of c and m.
10
Let r(v) = -v**3 + 20*v**2 + 46*v + 36. Let l be r(12). What is the greatest common factor of 464 and l?
116
Let h(v) = -188*v + 25. Let l be h(-13). Suppose -951 - l = -10*d. Calculate the greatest common divisor of 38 and d.
38
Let c(v) = v**3 + 7*v**2 + 3*v + 31. Let g be c(-7). What is the greatest common factor of g and 7250?
10
Suppose 37*y = 25*y - 1464. Let a = -111 - y. What is the highest common divisor of a and 88?
11
Let v(u) be the third derivative of -u**6/120 - u**5/3 - 7*u**4/8 + 17*u**3/6 - 190*u**2. Let l be v(-19). What is the greatest common factor of l and 110?
55
Suppose 14*n + 2*h - 554 = 13*n, 2755 = 5*n - 5*h. Let r be 11 - (-2 - (1 - 2)). Calculate the greatest common divisor of r and n.
12
Let i(z) = -z**2 - 24*z - 56. Let s be i(-21). What is the greatest common divisor of 707 and s?
7
Suppose u - 2*g - 438 = 0, 27*g - 24*g = -u + 428. What is the highest common factor of 310 and u?
62
Let p(j) = j**2 + 2*j - 699. Let x be p(-36). What is the highest common factor of x and 546?
21
Let l = -144 - -180. Suppose 7*z = 12*z - 2*t - l, -2*z = -t - 15. Let u(c) = c**2 + 2*c + 3. Let w be u(-6). What is the highest common factor of w and z?
3
Suppose 38*y + 136 = 6482. Suppose y + 48 = i. Calculate the highest common factor of i and 43.
43
Let w(v) = -v**3 + 23*v**2 - 21*v -